(2119 - 2104).
-51
Evaluate (-69 - (0 + -78)) + 1 + -4 + 18.
24
Calculate 46 + -3 - (-3088 + 3066).
65
Evaluate -108 + (18 - 3) + -4 + -1 - 0.
-98
What is the value of -3 + (0 - -14) + -15 + -13 + 5 + -8?
-20
What is the value of ((-21 - -9) + 7 - (-1 - 14)) + -30 + 14?
-6
13 - (-21 - (-21 + (7 - -12)))
32
(3 - 73) + (156 - 132) + -8 + -3
-57
What is 8 + 9 + (5 - 0) + 42?
64
1614 + -1540 + 2 + -46 + 5
35
What is the value of -53 + 48 + (-57 - 5)?
-67
Evaluate -48 + (49 + -32 - -4).
-27
What is (-42 - (25 + -10 + -7)) + (-4 - -15)?
-39
What is the value of -111 + (59 - -59) + -8?
-1
2 + 0 + (12 - 7) + (7 - 22) - 9
-17
86 + ((-24 - (-48 + 8)) + -20 - (3 + 1))
78
Evaluate 8 - -1 - (1 - -34 - ((-40 - -21) + 22)).
-23
-2 + 2 - -39 - ((-7 - (13 + -1)) + 31)
27
Calculate 34 + 1 - (-1 - -26 - (41 - 13)).
38
Calculate -995 - -988 - (-1 + 1 - 0 - (1 + -3)).
-9
-5 + (7 - (85 - 11)) + 25
-47
Evaluate (-5792 - -5775) + (-1 - 24).
-42
What is the value of 23 + (4 - 7 - (-1 + 1))?
20
What is the value of -5 + -60 + -1 - (971 + -1004)?
-33
Evaluate -523 + 453 - (4 - (-1 - -2)) - (-1 - -3).
-75
(-59 - -2) + -2 + 55 + -58 + 19
-43
Calculate (13 - 34) + (-20 - -39) - (0 + -48 + 1).
45
-10 + 102 + (12 - 38)
66
42 + -21 + -19 + 53
55
What is the value of (-1 - ((5 - 0) + -8)) + (-16 - -7) + 11?
4
Evaluate 108 + ((3 - 13) + (-21 - -19) - -18).
114
Calculate -14 - ((-4 - -13) + 9 + -14 + 8 - -10).
-36
Calculate -7 - (-5 + 2 + -8 - (-3 + -2)) - 12.
-13
Evaluate -5 + ((-8 - -17) + -23 - (14 - 4)).
-29
What is the value of -5 - ((-1 - 42) + 25) - (-79 - (-2 + 2))?
92
What is 107 - (89 + -66 - (6 + (3 - 8)))?
85
Evaluate (-9 + 42 - 35) + 12 - (-63 - -2).
71
Calculate -166 + 180 + 7 + -15 + -8.
-2
What is the value of 1 + -114 - (-59 + -8 + 20)?
-66
Calculate (-16 - 5) + -3 + 15 - (-2 - 31).
24
Calculate 2 + (-2 - 12 - (-66 + (22 - -18))) + 30.
44
Calculate -4 + 14 - 57 - -19.
-28
What is the value of (58 + -40 + 20 - 8) + 2?
32
-55 - (10 - 142) - 125
-48
Evaluate (1 - -9) + 6 + (19 - 22 - 5).
8
What is -77 + (76 - 62) + 69?
6
What is the value of 629 - 716 - (15 + 0)?
-102
-25 - (-88 + 42 - -44)
-23
Evaluate -8 + (-2 - -3) + -44 + (-8 - (1 + 4)).
-64
What is the value of -3 - (-13 + 7) - (-79 + -74 + 32)?
124
3243 + -3243 - (10 - (0 - -1 - 2))
-11
Evaluate 0 - 0 - (-64 - (18 + -18 + 3 + -20)).
47
What is the value of 27 + -55 + 11 - (11 - -3)?
-31
-83 + 265 + -89 - 76
17
What is (-1 - 25) + (-84 - (-99 - -34))?
-45
Evaluate (10 - (-11 - -14) - (1 + 39) - -1) + 7.
-25
Calculate (1 - 4) + 18 + (-155 - (-68 + 55)).
-127
What is (10 - 4) + (-11 - 112) - (-99 + 89)?
-107
What is 24 + 40 + -23 + 4 + -99?
-54
What is the value of (-25 - -2) + 46 + -57 + 24 - (95 - 1)?
-104
Calculate -2 - (71 - (27 - (-22 + 41)) - 12).
-53
-145 + 123 + -54 - -205
129
What is the value of (7 - 1) + (4 - (15 - 2)) - 23?
-26
What is the value of 0 + 5 + (46 + 19 - 67) + 28?
31
What is the value of -495 + 532 - (-19 - 3)?
59
Calculate 0 + 21 + (0 + -36 - -35) - 83.
-63
Evaluate (83 - 120) + 9 + (-10 - -5 - -4) + -1.
-30
What is the value of 11 + 23 + -13 + -20?
1
Calculate 12 + 2 + (-11 - 15) - -4 - -19 - 80.
-69
(4 - (-63 + 46 - (11 - 36))) + (0 - -37)
33
What is 27 + (-149 - (-52 - -31)) - -28?
-73
Evaluate (-4 - 24) + -30 + 67 + (0 - 73).
-64
-72 - (-27 - (-7 - (-32 - -70)))
-90
What is the value of 113 - 9 - (216 + -132)?
20
(-308 - -223) + -6 + 53
-38
What is 12 - (-7 - ((-95 - -114) + (-1 - 5)))?
32
Evaluate (21 - -3) + 0 + (150 - 150).
24
-169 - (-65 + 54) - -94
-64
Evaluate 32 + -65 + -32 + 106.
41
What is (13665 - 13609) + 2 + -129?
-71
What is the value of (51 - 56 - (67 - -2)) + -25 + 36 + -7?
-70
What is the value of (-9788 - -9899) + -105 + -1?
5
Evaluate -7 - (94 + -101 - (1 + -17)) - (-9 + 1).
-8
-96 + (46 - -37) + (1 - 93)
-105
What is the value of 14 + ((20 - (-13 - 2)) + -26 - (-58 - 0))?
81
Calculate -67 - -58 - 154 - -59 - (0 + 1).
-105
-6 - (4 - (11 - (-13 - -8)) - -7)
-1
Evaluate 2 - (3 + 46) - -58.
11
Calculate 9 + 36 + -69 + 6.
-18
What is 82 - 1 - (-74 + (102 - 22))?
75
What is the value of 23 + -7 - ((263 - 294) + 165 + -1)?
-117
What is (-61 - 12) + 6 + (5 - (4 - -4)) + 0?
-70
Calculate (-171 - -27) + (-4 - -35) - (1 - (-2 - -1)).
-115
85 - (-26 - (-40 + -4 - -6))
73
Calculate 36 + -41 + 24 + 24.
43
What is -2030 + 1982 + (1 - -2)?
-45
Calculate 3 + (0 - -1) + -1 + (15562 - 15558).
7
What is the value of 18 + (6 + (-4 - 5) - -2) + 8 + -4?
21
Calculate 34 + -4 + 7 + (6 - 3).
40
What is the value of (-47 - (-63 - -13)) + 1 + 5 + 3?
12
What is -5 + 6 + (-1643 - -1702)?
60
Calculate (61 - 74) + (27 - (8 + -5)).
11
What is the value of -2 + -5 + 6 + (-15 - (-2 - 2))?
-12
What is 20 + (-27 - (6 - 22 - -10)) + (-1 - 107)?
-109
-18 - (3 + 31 + -47)
-5
What is the value of -101 - (6 - 210) - 91?
12
Calculate (1 - 49) + (116 - 113 - (2 + 3) - -5).
-45
Evaluate (-16 - (-102 - -37)) + (-3 - (5 + -19)).
60
What is 35 + (-193 + 13 - -56)?
-89
Calculate 17 - ((-4 - 13) + 83).
-49
Calculate -17 + (-48 - -60) - (5 - 3).
-7
Calculate -43 - (-136 + 60 + 26).
7
Evaluate 16 - (-24 + (28 - 15 - 23)).
50
(0 - -17) + 14 + (62 - 38) + 13
68
60 - (29 + -1 - (48 + -11 + -26))
43
Calculate -11 + -7 + -13 - -39.
8
Calculate 12 + 4 + 0 + (3 - 11) - (-425 - -523).
-90
What is the value of 7 - (21 + -19) - 1 - -69?
73
What is the value of 152 - (21 - (-16 + -77))?
38
Evaluate (5 - ((-30 - -4) + -10)) + 13 - 20.
34
Calculate 6 - ((-44 - (-21 - -3)) + 26).
6
125 - (-34 + 20 + 178)
-39
What is the value of -19 + 0 + -1 + -2 + 49 + (-28 - 29)?
-30
Evaluate (16 + 4 + -31 - -24) + 21.
34
What is (-1 + -9 - 0 - (-277 + 279)) + -24?
-36
What is the value of -6 - (-5 + -5 + (19 - 0)) - (16 - -1)?
-32
Evaluate 52 + -2 + ((8 - -7) + -15 - (-2 - -3)).
49
What is the value of -206 - -323 - (111 + 2)?
4
Evaluate -10 + 0 + (-32 - (65 + -53 + -63)).
9
Calculate -19 + 59 + 54 + -30 - (-6 + 19).
51
13 + -32 + (24 - (134 - 30)) + (-9 - -1)
-107
Calculate -162 + (160 - 105) + 19.
-88
(-4 - -9 - -2) + 210 + -187
30
What is the value of (-2 - 46) + -440 + 483?
-5
-24 + (44 - -16) + (5 - -3) + -7
37
Calculate (1 + -18 - (-38 - (-37 + -18))) + 6 + -5.
-33
What is -103 - (-14 + -34 + -28)?
-27
Calculate 23 + 119 - 60 - 87.
-5
Calculate (12 - (-33 + 98)) + 69.
16
What is -1 + (12 - 0) + -5 - (6 - (-12 - 59))?
-71
What is -28 + 0 + (-200 - -237) - (30 - 0)?
-21
What is 19 + 1 - (-66 + (62 - -22))?
2
Calculate 85 - (-33 - (73 - 158)).
33
Calculate -3 + 39 + (1505 - 1527).
14
Calculate -1194 + 1251 + -51 + 1.
7
Evaluate (4 - 8) + 1 - (1 - 3) - (5 - 15).
9
Evaluate (370 - 316) + (-56 - -6).
4
Evaluate (-9 - (-15 + 61)) + (0 + 1 + -3 - 5).
-62
0 + 36 + -15 + -42 + -22
-43
What is 0 + 9 - (-22 + -13 + 105 + -19)?
-42
Evaluate -1239 + 1146 + (-1 - -173).
79
What is the value of (-32 - -5) + -16 + (70 - 25)?
2
Evaluate 55 + -1 + 0 + 2 + -68 + (15 - -63).
66
-16 + (27 + -53 - -47) - (-1 - 82)
88
What is 10 + -11 + 0 + (-52 - -59) - -85?
91
Calculate 20 - (-30 + 32 - -33).
-15
(71 + -30 - -39) + -41
39
-14 + (21 - (-41 - -76))
-28
Evaluate (-24 + 150 + -22 - 19) + -33.
52
What is the value of -4 + -10 + 13 - 19 - -23?
3
-39 + 13 + 97 + -70
1
What is the value of 84 - (143 + -16) - -64?
21
Calculate (1 - -24) + (34 - -27 - 88).
-2
What is 53 + 1 + -97 + (179 - 40)?
96
Evaluate 2 - (-1161 + 1210 - (2 + -14)).
-59
-498 - -583 - (-3 + 11)
77
13 + (-8 - -6 - ((11 - 0) + -7 - -82))
-75
What is the value of 5 + -9 - -5 - (17 + (-17 + 13 - -9))?
-21
Evaluate 3 - 48 - (-247 - -252).
-50
Calculate 13 + ((-21 - -8) + 13 - 1 - -2).
14
-20 + (0 - -1 - (696 - 716))
1
Evaluate (-3 - (57 - (-4 + 16))) + 5 + 5.
-38
Calculate -51 + (3 - (8 + (0 - 15))) + 1.
-40
What is 950 + -1008 - (-30 + 1)?
-29
Calculate (-27 + 24 - -48) + -21 + -2.
22
Evaluate -43 + -7 + 3 + 11 + -9 + 4.
-41
39 + -12 + (-1 + (20 - 12) - 0)
34
Evaluate -7 - (-35 - (-9 - -6)) - (-51 - -45).
31
What is -295 + 32 - -132 - -59?
-72
Calculate (-3 - (-7 - (4 + -9)) - -11) + 427 + -488.
-51
Evaluate 0 - -126 - ((39 - (61 - 29)) + -19).
138
What is the value of -5 - (74 - 34 - 141 - 22)?
118
What is (1758 - 1748) + -60 + 1?
-49
Calculate (-276 + 242 - (0 - 2)) + 9.
-23
What is the value of -23 - 105 - 8 - -101?
-35
-122 - (81 - (46 - -118))
-39
Evaluate ((-2 - 1) + -10 - -2) + 121 + (-55 -